ded by 42?
13
What is the remainder when 566807 is divided by 4359?
137
Calculate the remainder when 4565444 is divided by 134.
64
What is the remainder when 8280321 is divided by 4?
1
What is the remainder when 134786 is divided by 3056?
322
Calculate the remainder when 64683 is divided by 1990.
1003
Calculate the remainder when 6246806 is divided by 44.
38
Calculate the remainder when 10217960 is divided by 559.
558
What is the remainder when 12643338 is divided by 274855?
8
What is the remainder when 262915565 is divided by 12248?
12245
What is the remainder when 37958872 is divided by 133?
7
What is the remainder when 2593888 is divided by 908?
640
What is the remainder when 22468243 is divided by 158227?
9
Calculate the remainder when 83420 is divided by 2510.
590
Calculate the remainder when 7209422 is divided by 600784.
14
Calculate the remainder when 16928537 is divided by 248949.
5
What is the remainder when 35246 is divided by 42?
8
Calculate the remainder when 4156430 is divided by 2175.
5
Calculate the remainder when 659854 is divided by 50746.
156
What is the remainder when 113327 is divided by 22441?
1122
Calculate the remainder when 1713612 is divided by 14045.
122
What is the remainder when 4012840 is divided by 193?
177
What is the remainder when 83369282 is divided by 1274?
1270
What is the remainder when 7056220 is divided by 17?
13
Calculate the remainder when 18687387 is divided by 2503.
2492
Calculate the remainder when 4128007 is divided by 30.
7
Calculate the remainder when 1235816 is divided by 53730.
26
What is the remainder when 5606986 is divided by 700?
686
What is the remainder when 965385 is divided by 9194?
15
What is the remainder when 69725 is divided by 925?
350
Calculate the remainder when 197522135 is divided by 22.
19
Calculate the remainder when 486097628 is divided by 144.
140
What is the remainder when 3304575 is divided by 118019?
43
What is the remainder when 46749732 is divided by 727?
724
What is the remainder when 484332 is divided by 17611?
8835
What is the remainder when 1872985 is divided by 3827?
1582
Calculate the remainder when 332143 is divided by 65.
58
What is the remainder when 219080 is divided by 218685?
395
Calculate the remainder when 124220 is divided by 118153.
6067
Calculate the remainder when 289987 is divided by 1672.
731
Calculate the remainder when 14192851 is divided by 32038.
17
What is the remainder when 228197 is divided by 4149?
2
Calculate the remainder when 474420 is divided by 203.
9
What is the remainder when 91417868 is divided by 25?
18
What is the remainder when 27525961 is divided by 703?
699
Calculate the remainder when 3201485 is divided by 640294.
15
What is the remainder when 268702914 is divided by 2795?
2794
Calculate the remainder when 60410 is divided by 1144.
922
What is the remainder when 20642475 is divided by 1751?
1687
Calculate the remainder when 2074745577 is divided by 12.
9
Calculate the remainder when 8978927 is divided by 36950.
77
Calculate the remainder when 30029509 is divided by 7.
6
What is the remainder when 3697706 is divided by 3697672?
34
What is the remainder when 432247 is divided by 3792?
3751
What is the remainder when 551285 is divided by 550949?
336
Calculate the remainder when 1399337 is divided by 20.
17
What is the remainder when 11869563 is divided by 93461?
16
What is the remainder when 7972938 is divided by 1281?
1275
Calculate the remainder when 655375408 is divided by 327687703.
2
Calculate the remainder when 6022529 is divided by 2522.
2515
What is the remainder when 471978 is divided by 14655?
3018
What is the remainder when 1043337 is divided by 13?
9
What is the remainder when 78407 is divided by 2176?
71
Calculate the remainder when 48040587 is divided by 2980.
7
What is the remainder when 12170560 is divided by 1991?
1568
What is the remainder when 75081 is divided by 24438?
1767
What is the remainder when 17611526 is divided by 689?
686
Calculate the remainder when 25508854 is divided by 15.
4
What is the remainder when 394136 is divided by 131375?
11
Calculate the remainder when 20420196 is divided by 87.
78
What is the remainder when 24116528 is divided by 19591?
7
What is the remainder when 16865 is divided by 2875?
2490
Calculate the remainder when 8659 is divided by 1411.
193
Calculate the remainder when 41031188 is divided by 4.
0
What is the remainder when 18794402 is divided by 3299?
3298
What is the remainder when 11587601 is divided by 3862532?
5
What is the remainder when 6159726 is divided by 513310?
6
Calculate the remainder when 1926751 is divided by 411.
394
Calculate the remainder when 738019 is divided by 73799.
29
Calculate the remainder when 18949045 is divided by 914.
911
Calculate the remainder when 13097682 is divided by 6500.
182
What is the remainder when 1064399 is divided by 100?
99
Calculate the remainder when 117197 is divided by 117112.
85
What is the remainder when 237120 is divided by 29219?
3368
What is the remainder when 26984318 is divided by 1879?
1878
What is the remainder when 19016319 is divided by 4282?
4239
What is the remainder when 10105248 is divided by 166?
164
What is the remainder when 6744315 is divided by 13250?
65
What is the remainder when 1845888 is divided by 63?
51
Calculate the remainder when 21631 is divided by 3770.
2781
What is the remainder when 3877909 is divided by 306?
277
What is the remainder when 5791183 is divided by 236?
215
What is the remainder when 36767541 is divided by 1151?
1148
Calculate the remainder when 149970 is divided by 149948.
22
Calculate the remainder when 319255 is divided by 1725.
130
Calculate the remainder when 164073 is divided by 11719.
7
Calculate the remainder when 110687878 is divided by 34.
28
What is the remainder when 469046306 is divided by 6967?
6965
Calculate the remainder when 10410299 is divided by 2082030.
149
Calculate the remainder when 510121 is divided by 101991.
166
What is the remainder when 4637876 is divided by 1545940?
56
What is the remainder when 1275555 is divided by 445?
185
What is the remainder when 483834 is divided by 1537?
1216
What is the remainder when 273757 is divided by 263?
237
Calculate the remainder when 1611898 is divided by 2258.
1944
Calculate the remainder when 4817905 is divided by 314.
203
Calculate the remainder when 2641876 is divided by 2237.
2216
Calculate the remainder when 6431871 is divided by 1844.
1843
What is the remainder when 16895883 is divided by 293?
38
What is the remainder when 9031197 is divided by 23?
17
What is the remainder when 4016 is divided by 2059?
1957
Calculate the remainder when 174656 is divided by 5629.
157
What is the remainder when 360328 is divided by 44873?
1344
What is the remainder when 125843 is divided by 125722?
121
What is the remainder when 166446505 is divided by 3621?
3619
What is the remainder when 10292770 is divided by 233?
228
What is the remainder when 47700203 is divided by 4141?
24
What is the remainder when 173778624 is divided by 985?
984
What is the remainder when 251236 is divided by 41863?
58
What is the remainder when 625974 is divided by 312598?
778
Calculate the remainder when 336837 is divided by 4719.
1788
What is the remainder when 290638 is divided by 14527?
98
Calculate the remainder when 1771400 is divided by 36890.
680
What is the remainder when 2830413 is divided by 45?
3
Calculate the remainder when 15865692 is divided by 1355.
1352
Calculate the remainder when 13244130 is divided by 181.
179
What is the remainder when 48203510 is divided by 56?
54
Calculate the remainder when 490116 is divided by 543.
330
What is the remainder when 225769 is divided by 970?
729
What is the remainder when 4522217 is divided by 1507405?
2
What is the remainder when 364709 is divided by 338?
7
Calculate the remainder when 14853739 is divided by 181.
155
Calculate the remainder when 7781061 is divided by 2593684.
9
Calculate the remainder when 269643 is divided by 3593.
168
What is the remainder when 25247 is divided by 2117?
1960
What is the remainder when 24443001 is divided by 18392?
33
Calculate the remainder when 232396 is divided by 232380.
16
What is the remainder when 2810035 is divided by 71?
68
What is the remainder when 931